{"id":10060,"date":"2025-09-09T09:22:03","date_gmt":"2025-09-09T08:22:03","guid":{"rendered":"https:\/\/konzequent.gymnasium-konz.de\/?page_id=10060"},"modified":"2025-09-09T09:25:10","modified_gmt":"2025-09-09T08:25:10","slug":"ki-nutzungsordnung-und-erklaerung-zur-barrierefreiheit","status":"publish","type":"page","link":"https:\/\/konzequent.gymnasium-konz.de\/?page_id=10060","title":{"rendered":"KI-Nutzungsordnung und Erkl\u00e4rung zur Barrierefreiheit"},"content":{"rendered":"\n<p>Hier verweisen wir auf die entsprechenden Erkl\u00e4rungen auf der Mutterseite<a href=\"http:\/\/www.gymnasium-konz.de\" data-type=\"link\" data-id=\"www.gymnasium-konz.de\"> www.gymnasium-konz.de<\/a>, denen sich die Redaktion von &#8222;KONZequent&#8220; gleicherma\u00dfen verpflichtet f\u00fchlt. <\/p>\n\n\n\n<p><a href=\"https:\/\/konzequent.gymnasium-konz.de\/?page_id=10060\" data-type=\"page\" data-id=\"10060\">KI-Nutzungsordnung des Gymnasiums Konz<\/a><\/p>\n\n\n\n<p><a href=\"https:\/\/gymnasium-konz.de\/erklaerung-zur-barrierefreiheit\/\">Erkl\u00e4rung zur Barrierefreiheit der Schulhomepage<\/a><\/p>\n\n\n\n<p><\/p>\n","protected":false},"excerpt":{"rendered":"<p>Hier verweisen wir auf die entsprechenden Erkl\u00e4rungen auf der Mutterseite www.gymnasium-konz.de, denen sich die Redaktion von &#8222;KONZequent&#8220; gleicherma\u00dfen verpflichtet f\u00fchlt. KI-Nutzungsordnung des Gymnasiums Konz Erkl\u00e4rung &hellip; <\/p>\n","protected":false},"author":119,"featured_media":0,"parent":0,"menu_order":0,"comment_status":"closed","ping_status":"closed","template":"","meta":{"footnotes":""},"coauthors":[478],"class_list":["post-10060","page","type-page","status-publish","hentry"],"jetpack_sharing_enabled":true,"_links":{"self":[{"href":"https:\/\/konzequent.gymnasium-konz.de\/index.php?rest_route=\/wp\/v2\/pages\/10060","targetHints":{"allow":["GET"]}}],"collection":[{"href":"https:\/\/konzequent.gymnasium-konz.de\/index.php?rest_route=\/wp\/v2\/pages"}],"about":[{"href":"https:\/\/konzequent.gymnasium-konz.de\/index.php?rest_route=\/wp\/v2\/types\/page"}],"author":[{"embeddable":true,"href":"https:\/\/konzequent.gymnasium-konz.de\/index.php?rest_route=\/wp\/v2\/users\/119"}],"replies":[{"embeddable":true,"href":"https:\/\/konzequent.gymnasium-konz.de\/index.php?rest_route=%2Fwp%2Fv2%2Fcomments&post=10060"}],"version-history":[{"count":2,"href":"https:\/\/konzequent.gymnasium-konz.de\/index.php?rest_route=\/wp\/v2\/pages\/10060\/revisions"}],"predecessor-version":[{"id":10065,"href":"https:\/\/konzequent.gymnasium-konz.de\/index.php?rest_route=\/wp\/v2\/pages\/10060\/revisions\/10065"}],"wp:attachment":[{"href":"https:\/\/konzequent.gymnasium-konz.de\/index.php?rest_route=%2Fwp%2Fv2%2Fmedia&parent=10060"}],"wp:term":[{"taxonomy":"author","embeddable":true,"href":"https:\/\/konzequent.gymnasium-konz.de\/index.php?rest_route=%2Fwp%2Fv2%2Fcoauthors&post=10060"}],"curies":[{"name":"wp","href":"https:\/\/api.w.org\/{rel}","templated":true}]}}